{"id":1671,"date":"2024-06-16T08:24:02","date_gmt":"2024-06-16T06:24:02","guid":{"rendered":"https:\/\/domaine-femme-allongee.fr\/?page_id=1671"},"modified":"2024-07-05T10:55:39","modified_gmt":"2024-07-05T08:55:39","slug":"le-domaine","status":"publish","type":"page","link":"https:\/\/domaine-femme-allongee.fr\/index.php\/le-domaine\/","title":{"rendered":"Le domaine"},"content":{"rendered":"\t\t<div data-elementor-type=\"wp-page\" data-elementor-id=\"1671\" class=\"elementor elementor-1671\">\n\t\t\t\t<div class=\"elementor-element elementor-element-464de44 e-flex e-con-boxed e-con e-parent\" data-id=\"464de44\" data-element_type=\"container\" data-settings=\"{&quot;background_background&quot;:&quot;classic&quot;}\">\n\t\t\t\t\t<div class=\"e-con-inner\">\n\t\t\t\t<div class=\"elementor-element elementor-element-5e441b9 elementor-widget__width-initial elementor-widget elementor-widget-image\" data-id=\"5e441b9\" data-element_type=\"widget\" data-widget_type=\"image.default\">\n\t\t\t\t<div class=\"elementor-widget-container\">\n\t\t\t<style>\/*! elementor - v3.21.0 - 26-05-2024 *\/\n.elementor-widget-image{text-align:center}.elementor-widget-image a{display:inline-block}.elementor-widget-image a img[src$=\".svg\"]{width:48px}.elementor-widget-image img{vertical-align:middle;display:inline-block}<\/style>\t\t\t\t\t\t\t\t\t\t<img fetchpriority=\"high\" decoding=\"async\" width=\"1000\" height=\"617\" src=\"https:\/\/domaine-femme-allongee.fr\/wp-content\/uploads\/2024\/06\/domaine-viticole-herault-valeurs.jpg\" class=\"attachment-full size-full wp-image-1268\" alt=\"\" srcset=\"https:\/\/domaine-femme-allongee.fr\/wp-content\/uploads\/2024\/06\/domaine-viticole-herault-valeurs.jpg 1000w, https:\/\/domaine-femme-allongee.fr\/wp-content\/uploads\/2024\/06\/domaine-viticole-herault-valeurs-300x185.jpg 300w, https:\/\/domaine-femme-allongee.fr\/wp-content\/uploads\/2024\/06\/domaine-viticole-herault-valeurs-768x474.jpg 768w\" sizes=\"(max-width: 1000px) 100vw, 1000px\" \/>\t\t\t\t\t\t\t\t\t\t\t\t\t<\/div>\n\t\t\t\t<\/div>\n\t\t\t\t<div class=\"elementor-element elementor-element-3d3200a elementor-widget elementor-widget-heading\" data-id=\"3d3200a\" data-element_type=\"widget\" data-widget_type=\"heading.default\">\n\t\t\t\t<div class=\"elementor-widget-container\">\n\t\t\t<style>\/*! elementor - v3.21.0 - 26-05-2024 *\/\n.elementor-heading-title{padding:0;margin:0;line-height:1}.elementor-widget-heading .elementor-heading-title[class*=elementor-size-]>a{color:inherit;font-size:inherit;line-height:inherit}.elementor-widget-heading .elementor-heading-title.elementor-size-small{font-size:15px}.elementor-widget-heading .elementor-heading-title.elementor-size-medium{font-size:19px}.elementor-widget-heading .elementor-heading-title.elementor-size-large{font-size:29px}.elementor-widget-heading .elementor-heading-title.elementor-size-xl{font-size:39px}.elementor-widget-heading .elementor-heading-title.elementor-size-xxl{font-size:59px}<\/style><h2 class=\"elementor-heading-title elementor-size-default\">Le domaine<\/h2>\t\t<\/div>\n\t\t\t\t<\/div>\n\t\t\t\t\t<\/div>\n\t\t\t\t<\/div>\n\t\t<div class=\"elementor-element elementor-element-adb101e e-flex e-con-boxed e-con e-parent\" data-id=\"adb101e\" data-element_type=\"container\">\n\t\t\t\t\t<div class=\"e-con-inner\">\n\t\t\t\t<div class=\"elementor-element elementor-element-d328e96 elementor-widget elementor-widget-heading\" data-id=\"d328e96\" data-element_type=\"widget\" data-widget_type=\"heading.default\">\n\t\t\t\t<div class=\"elementor-widget-container\">\n\t\t\t<h2 class=\"elementor-heading-title elementor-size-default\">Domaine viticole de l'H\u00e9rault<\/h2>\t\t<\/div>\n\t\t\t\t<\/div>\n\t\t\t\t\t<\/div>\n\t\t\t\t<\/div>\n\t\t<div class=\"elementor-element elementor-element-48f67c4 e-flex e-con-boxed e-con e-parent\" data-id=\"48f67c4\" data-element_type=\"container\">\n\t\t\t\t\t<div class=\"e-con-inner\">\n\t\t\t\t<div class=\"elementor-element elementor-element-b3b5af8 elementor-widget elementor-widget-heading\" data-id=\"b3b5af8\" data-element_type=\"widget\" data-widget_type=\"heading.default\">\n\t\t\t\t<div class=\"elementor-widget-container\">\n\t\t\t<h2 class=\"elementor-heading-title elementor-size-default\">NOTRE HISTOIRE<\/h2>\t\t<\/div>\n\t\t\t\t<\/div>\n\t\t\t\t\t<\/div>\n\t\t\t\t<\/div>\n\t\t<div class=\"elementor-element elementor-element-a6be1eb e-grid e-con-boxed e-con e-parent\" data-id=\"a6be1eb\" data-element_type=\"container\">\n\t\t\t\t\t<div class=\"e-con-inner\">\n\t\t\t\t<div class=\"elementor-element elementor-element-a5c42e7 elementor-widget elementor-widget-text-editor\" data-id=\"a5c42e7\" data-element_type=\"widget\" data-widget_type=\"text-editor.default\">\n\t\t\t\t<div class=\"elementor-widget-container\">\n\t\t\t<style>\/*! elementor - v3.21.0 - 26-05-2024 *\/\n.elementor-widget-text-editor.elementor-drop-cap-view-stacked .elementor-drop-cap{background-color:#69727d;color:#fff}.elementor-widget-text-editor.elementor-drop-cap-view-framed .elementor-drop-cap{color:#69727d;border:3px solid;background-color:transparent}.elementor-widget-text-editor:not(.elementor-drop-cap-view-default) .elementor-drop-cap{margin-top:8px}.elementor-widget-text-editor:not(.elementor-drop-cap-view-default) .elementor-drop-cap-letter{width:1em;height:1em}.elementor-widget-text-editor .elementor-drop-cap{float:left;text-align:center;line-height:1;font-size:50px}.elementor-widget-text-editor .elementor-drop-cap-letter{display:inline-block}<\/style>\t\t\t\t<h4>\u00a0 \u00a0 \u00a0 \u00a0 \u00a0 \u00a0 \u00a0 \u00a0 \u00a0 \u00a0 \u00a0 \u00a0 \u00a0 \u00a0 \u00a0 \u00a0 \u00a0 \u00a0 CAVE \u00c0 VIN<\/h4><div class=\"_1i6a\"><div class=\"_4po3 _4poa\"><div class=\"_4po5\"><div class=\"_4po8\"><div class=\"_4po9\"><div><div><div class=\"_4tdt _ua1\"><div class=\"_ua2\"><div class=\"_4tdv\"><div class=\"_5wd4 _1nc7\"><div class=\"._1dlq _h8t\"><div class=\"_5wd9 direction_ltr clearfix\"><div class=\"_1e-x _n4o\"><div class=\"_3_bl\"><div class=\"_5w1r _3_om _5wdf\"><div class=\"_4gx_\"><p class=\"_1aa6\"><span class=\"_5yl5\">Nous sommes sous une Appellation d\u2019Origine Contr\u00f4l\u00e9e Saint-Chinian. Elle correspond \u00e0 un savoir-faire unique, une qualit\u00e9 et une authenticit\u00e9 inimitables. Cette zone g\u00e9ographique est connue et reconnue avec ses sp\u00e9cificit\u00e9s. Nous sommes fiers que toutes ces donn\u00e9es soient reconnues au niveau national, y compris europ\u00e9en (via le label AOP, que nous poss\u00e9dons \u00e9galement). Une vraie reconnaissance de la r\u00e9gularit\u00e9 et de la qualit\u00e9 de notre vin dans le temps.<\/span><\/p><\/div><\/div><\/div><\/div><\/div><\/div><\/div><\/div><\/div><\/div><\/div><\/div><\/div><\/div><\/div><\/div><\/div>\t\t\t\t\t\t<\/div>\n\t\t\t\t<\/div>\n\t\t\t\t<div class=\"elementor-element elementor-element-880a643 elementor-widget elementor-widget-image\" data-id=\"880a643\" data-element_type=\"widget\" data-widget_type=\"image.default\">\n\t\t\t\t<div class=\"elementor-widget-container\">\n\t\t\t\t\t\t\t\t\t\t\t\t\t<img decoding=\"async\" width=\"937\" height=\"1000\" src=\"https:\/\/domaine-femme-allongee.fr\/wp-content\/uploads\/2024\/06\/domaine-viticole-herault-histoire.jpg\" class=\"attachment-large size-large wp-image-1267\" alt=\"\" srcset=\"https:\/\/domaine-femme-allongee.fr\/wp-content\/uploads\/2024\/06\/domaine-viticole-herault-histoire.jpg 937w, https:\/\/domaine-femme-allongee.fr\/wp-content\/uploads\/2024\/06\/domaine-viticole-herault-histoire-281x300.jpg 281w, https:\/\/domaine-femme-allongee.fr\/wp-content\/uploads\/2024\/06\/domaine-viticole-herault-histoire-768x820.jpg 768w\" sizes=\"(max-width: 937px) 100vw, 937px\" \/>\t\t\t\t\t\t\t\t\t\t\t\t\t<\/div>\n\t\t\t\t<\/div>\n\t\t\t\t\t<\/div>\n\t\t\t\t<\/div>\n\t\t<div class=\"elementor-element elementor-element-c3e28d5 e-grid e-con-boxed e-con e-parent\" data-id=\"c3e28d5\" data-element_type=\"container\">\n\t\t\t\t\t<div class=\"e-con-inner\">\n\t\t\t\t<div class=\"elementor-element elementor-element-b3d5d07 elementor-widget elementor-widget-image\" data-id=\"b3d5d07\" data-element_type=\"widget\" data-widget_type=\"image.default\">\n\t\t\t\t<div class=\"elementor-widget-container\">\n\t\t\t\t\t\t\t\t\t\t\t\t\t<img decoding=\"async\" width=\"1000\" height=\"617\" src=\"https:\/\/domaine-femme-allongee.fr\/wp-content\/uploads\/2024\/06\/domaine-viticole-herault-valeurs.jpg\" class=\"attachment-large size-large wp-image-1268\" alt=\"\" srcset=\"https:\/\/domaine-femme-allongee.fr\/wp-content\/uploads\/2024\/06\/domaine-viticole-herault-valeurs.jpg 1000w, https:\/\/domaine-femme-allongee.fr\/wp-content\/uploads\/2024\/06\/domaine-viticole-herault-valeurs-300x185.jpg 300w, https:\/\/domaine-femme-allongee.fr\/wp-content\/uploads\/2024\/06\/domaine-viticole-herault-valeurs-768x474.jpg 768w\" sizes=\"(max-width: 1000px) 100vw, 1000px\" \/>\t\t\t\t\t\t\t\t\t\t\t\t\t<\/div>\n\t\t\t\t<\/div>\n\t\t\t\t<div class=\"elementor-element elementor-element-47a3760 elementor-widget elementor-widget-text-editor\" data-id=\"47a3760\" data-element_type=\"widget\" data-widget_type=\"text-editor.default\">\n\t\t\t\t<div class=\"elementor-widget-container\">\n\t\t\t\t\t\t\t<h4>&nbsp; &nbsp; &nbsp; &nbsp; &nbsp; &nbsp; &nbsp; &nbsp;AUTHENTICIT\u00c9 ET TRADITION<\/h4>\n<p>Le Domaine de la Femme Allong\u00e9e travaille les vignes de fa\u00e7ons artisanal. La r\u00e9colte est manuelle. Quant \u00e0 la vinification, elle est effectu\u00e9e de fa\u00e7on traditionnelle, dans la cave du domaine, afin de cr\u00e9er&nbsp;<a href=\"https:\/\/domaine-femme-allongee.fr\/index.php\/nos-vins\/\">un vin unique et authentique<\/a>. Le domaine est constitu\u00e9 de 11 hectares de vignes, respectant les valeurs autour de l\u2019artisanat, des produits naturels, avec le moins d\u2019additifs possible. Il se situe sur les hauteurs de Saint-Chinian, terre de caract\u00e8re, qui convient parfaitement aux vins que souhaitent d\u00e9velopper Albin et Jean-Paul GRACIA.<\/p>\t\t\t\t\t\t<\/div>\n\t\t\t\t<\/div>\n\t\t\t\t\t<\/div>\n\t\t\t\t<\/div>\n\t\t<div class=\"elementor-element elementor-element-cb07b9c e-flex e-con-boxed e-con e-parent\" data-id=\"cb07b9c\" data-element_type=\"container\">\n\t\t\t\t\t<div class=\"e-con-inner\">\n\t\t\t\t<div class=\"elementor-element elementor-element-944022c elementor-widget elementor-widget-heading\" data-id=\"944022c\" data-element_type=\"widget\" data-widget_type=\"heading.default\">\n\t\t\t\t<div class=\"elementor-widget-container\">\n\t\t\t<h2 class=\"elementor-heading-title elementor-size-default\">NOS CERTIFICATIONS<\/h2>\t\t<\/div>\n\t\t\t\t<\/div>\n\t\t\t\t\t<\/div>\n\t\t\t\t<\/div>\n\t\t<div class=\"elementor-element elementor-element-3c340f2 e-grid e-con-boxed e-con e-parent\" data-id=\"3c340f2\" data-element_type=\"container\">\n\t\t\t\t\t<div class=\"e-con-inner\">\n\t\t\t\t<div class=\"elementor-element elementor-element-6f2bd78 elementor-widget elementor-widget-image\" data-id=\"6f2bd78\" data-element_type=\"widget\" data-widget_type=\"image.default\">\n\t\t\t\t<div class=\"elementor-widget-container\">\n\t\t\t\t\t\t\t\t\t\t\t\t\t<img loading=\"lazy\" decoding=\"async\" width=\"566\" height=\"93\" src=\"https:\/\/domaine-femme-allongee.fr\/wp-content\/uploads\/2024\/06\/domaine-viticole-herault-certifications.png\" class=\"attachment-large size-large wp-image-1266\" alt=\"\" srcset=\"https:\/\/domaine-femme-allongee.fr\/wp-content\/uploads\/2024\/06\/domaine-viticole-herault-certifications.png 566w, https:\/\/domaine-femme-allongee.fr\/wp-content\/uploads\/2024\/06\/domaine-viticole-herault-certifications-300x49.png 300w\" sizes=\"(max-width: 566px) 100vw, 566px\" \/>\t\t\t\t\t\t\t\t\t\t\t\t\t<\/div>\n\t\t\t\t<\/div>\n\t\t\t\t<div class=\"elementor-element elementor-element-daa3475 elementor-widget elementor-widget-text-editor\" data-id=\"daa3475\" data-element_type=\"widget\" data-widget_type=\"text-editor.default\">\n\t\t\t\t<div class=\"elementor-widget-container\">\n\t\t\t\t\t\t\t<h4>&nbsp; &nbsp; &nbsp; &nbsp; &nbsp; &nbsp; &nbsp; &nbsp; &nbsp; &nbsp; &nbsp; &nbsp; &nbsp; &nbsp; &nbsp; &nbsp; &nbsp; &nbsp; &nbsp; &nbsp; &nbsp; &nbsp; &nbsp; &nbsp; &nbsp;NOTRE DOMAINE LABELLIS\u00c9 AOC&nbsp; &nbsp; &nbsp; &nbsp; &nbsp;&nbsp;<\/h4>\n<div class=\"_1i6a\">\n<div class=\"_4po3 _4poa\">\n<div class=\"_4po5\">\n<div class=\"_4po8\">\n<div class=\"_4po9\">\n<div>\n<div>\n<div class=\"_4tdt _ua1\">\n<div class=\"_ua2\">\n<div class=\"_4tdv\">\n<div class=\"_5wd4 _1nc7\">\n<div class=\"._1dlq _h8t\">\n<div class=\"_5wd9 direction_ltr clearfix\">\n<div class=\"_1e-x _n4o\">\n<div class=\"_3_bl\">\n<div class=\"_5w1r _3_om _5wdf\">\n<div class=\"_4gx_\">\n<div class=\"_1aa6\"><span class=\"_5yl5\">Nous sommes sous une&nbsp;<a href=\"https:\/\/www.languedoc-wines.com\/fr\/languedoc-decouverte\/les-aoc-du-languedoc\/aoc-saint-chinian\">Appellation d\u2019Origine Contr\u00f4l\u00e9e<\/a>&nbsp;Saint-Chinian. Elle correspond \u00e0 un savoir-faire unique, une qualit\u00e9 et une authenticit\u00e9 inimitables. Cette zone g\u00e9ographique est connue et reconnue avec ses sp\u00e9cificit\u00e9s. Nous sommes fiers que toutes ces donn\u00e9es soient reconnues au niveau national, y compris europ\u00e9en (via le label AOP, que nous poss\u00e9dons \u00e9galement). Une vraie reconnaissance de la r\u00e9gularit\u00e9 et de la qualit\u00e9 de notre vin dans le temps.<\/span><\/div>\n<\/div>\n<\/div>\n<\/div>\n<\/div>\n<\/div>\n<\/div>\n<\/div>\n<\/div>\n<\/div>\n<\/div>\n<\/div>\n<\/div>\n<\/div>\n<\/div>\n<\/div>\n<\/div>\n<\/div>\t\t\t\t\t\t<\/div>\n\t\t\t\t<\/div>\n\t\t\t\t\t<\/div>\n\t\t\t\t<\/div>\n\t\t<div class=\"elementor-element elementor-element-f8dd751 e-flex e-con-boxed e-con e-parent\" data-id=\"f8dd751\" data-element_type=\"container\">\n\t\t\t\t\t<div class=\"e-con-inner\">\n\t\t\t\t<div class=\"elementor-element elementor-element-7106cf0 elementor-widget elementor-widget-image\" data-id=\"7106cf0\" data-element_type=\"widget\" data-widget_type=\"image.default\">\n\t\t\t\t<div class=\"elementor-widget-container\">\n\t\t\t\t\t\t\t\t\t\t\t\t\t<img loading=\"lazy\" decoding=\"async\" width=\"1024\" height=\"152\" src=\"https:\/\/domaine-femme-allongee.fr\/wp-content\/uploads\/2024\/06\/55560432_1331430666982155_433745036371296256_n-e1553530852691-1024x152.png\" class=\"attachment-large size-large wp-image-1249\" alt=\"\" srcset=\"https:\/\/domaine-femme-allongee.fr\/wp-content\/uploads\/2024\/06\/55560432_1331430666982155_433745036371296256_n-e1553530852691-1024x152.png 1024w, https:\/\/domaine-femme-allongee.fr\/wp-content\/uploads\/2024\/06\/55560432_1331430666982155_433745036371296256_n-e1553530852691-300x44.png 300w, https:\/\/domaine-femme-allongee.fr\/wp-content\/uploads\/2024\/06\/55560432_1331430666982155_433745036371296256_n-e1553530852691-768x114.png 768w, https:\/\/domaine-femme-allongee.fr\/wp-content\/uploads\/2024\/06\/55560432_1331430666982155_433745036371296256_n-e1553530852691-1536x228.png 1536w, https:\/\/domaine-femme-allongee.fr\/wp-content\/uploads\/2024\/06\/55560432_1331430666982155_433745036371296256_n-e1553530852691-2048x303.png 2048w\" sizes=\"(max-width: 1024px) 100vw, 1024px\" \/>\t\t\t\t\t\t\t\t\t\t\t\t\t<\/div>\n\t\t\t\t<\/div>\n\t\t\t\t\t<\/div>\n\t\t\t\t<\/div>\n\t\t\t\t<\/div>\n\t\t","protected":false},"excerpt":{"rendered":"<p>Le domaine Domaine viticole de l&#8217;H\u00e9rault NOTRE HISTOIRE \u00a0 \u00a0 \u00a0 \u00a0 \u00a0 \u00a0 \u00a0 \u00a0 \u00a0 \u00a0 \u00a0 \u00a0 \u00a0 \u00a0 \u00a0 \u00a0 \u00a0 \u00a0 CAVE \u00c0 VIN Nous sommes sous une Appellation d\u2019Origine Contr\u00f4l\u00e9e Saint-Chinian. Elle correspond \u00e0 un savoir-faire unique, une qualit\u00e9 et une authenticit\u00e9 inimitables. Cette zone g\u00e9ographique est connue et [&hellip;]<\/p>\n","protected":false},"author":1,"featured_media":0,"parent":0,"menu_order":0,"comment_status":"closed","ping_status":"closed","template":"","meta":{"_eb_attr":"","footnotes":""},"class_list":["post-1671","page","type-page","status-publish","hentry"],"blocksy_meta":{"page_title_panel":"","has_hero_section":"disabled","fd6d521f699a53c9976fdc53ec6df8aa":"","hero_section":"type-1","hero_elements":[{"id":"custom_title","enabled":true,"heading_tag":"h1","title":"Home"},{"id":"custom_description","enabled":true,"description_visibility":{"desktop":true,"tablet":true,"mobile":false}},{"id":"custom_meta","enabled":false,"meta_elements":[{"id":"author","enabled":true,"label":"By","has_author_avatar":"yes","avatar_size":25},{"id":"post_date","enabled":true,"label":"On","date_format_source":"default","date_format":"M j, Y"},{"id":"updated_date","enabled":false,"label":"On","date_format_source":"default","date_format":"M j, Y"},{"id":"categories","enabled":false,"label":"In","style":"simple"},{"id":"comments","enabled":true}],"page_meta_elements":{"joined":true,"articles_count":true,"comments":true}},{"id":"breadcrumbs","enabled":false}],"3673d9e92fccd9c068002911a4fca6f6":"","hero_alignment1":"CT_CSS_SKIP_RULE","hero_margin":40,"hero_alignment2":"center","hero_vertical_alignment":"center","148a5bc936a76c549bc6875136354cbe":"","hero_structure":"narrow","af3923fb95dca9553568f4619bab67d6":"","page_title_bg_type":"featured_image","custom_hero_background":{"attachment_id":null},"page_title_image_size":"full","parallax":{"desktop":false,"tablet":false,"mobile":false},"4496afa044bed9c6d01877e5c4eff395":"","hero_height":"250px","pageTitleFont":{"family":"Default","variation":"Default","size":"30px","line-height":"CT_CSS_SKIP_RULE","letter-spacing":"CT_CSS_SKIP_RULE","text-transform":"CT_CSS_SKIP_RULE","text-decoration":"CT_CSS_SKIP_RULE"},"pageTitleFontColor":{"default":{"color":"CT_CSS_SKIP_RULEDEFAULT"}},"pageMetaFont":{"family":"Default","variation":"n6","size":"12px","line-height":"1.3","letter-spacing":"CT_CSS_SKIP_RULE","text-transform":"uppercase","text-decoration":"CT_CSS_SKIP_RULE"},"pageMetaFontColor":{"default":{"color":"CT_CSS_SKIP_RULEDEFAULT"},"hover":{"color":"CT_CSS_SKIP_RULEDEFAULT"}},"page_meta_button_type_font_colors":{"default":{"color":"CT_CSS_SKIP_RULEDEFAULT"},"hover":{"color":"CT_CSS_SKIP_RULEDEFAULT"}},"page_meta_button_type_background_colors":{"default":{"color":"CT_CSS_SKIP_RULEDEFAULT"},"hover":{"color":"CT_CSS_SKIP_RULEDEFAULT"}},"pageExcerptFont":{"family":"Default","variation":"Default","size":"CT_CSS_SKIP_RULE","line-height":"CT_CSS_SKIP_RULE","letter-spacing":"CT_CSS_SKIP_RULE","text-transform":"CT_CSS_SKIP_RULE","text-decoration":"CT_CSS_SKIP_RULE"},"pageExcerptColor":{"default":{"color":"CT_CSS_SKIP_RULEDEFAULT"}},"breadcrumbsFont":{"family":"Default","variation":"Default","size":"CT_CSS_SKIP_RULE","line-height":"CT_CSS_SKIP_RULE","letter-spacing":"CT_CSS_SKIP_RULE","text-transform":"CT_CSS_SKIP_RULE","text-decoration":"CT_CSS_SKIP_RULE"},"breadcrumbsFontColor":{"default":{"color":"CT_CSS_SKIP_RULEDEFAULT"},"initial":{"color":"CT_CSS_SKIP_RULEDEFAULT"},"hover":{"color":"CT_CSS_SKIP_RULEDEFAULT"}},"pageTitleOverlay":{"background_type":"color","background_pattern":"type-1","background_image":{"attachment_id":null,"x":0,"y":0},"gradient":"linear-gradient(135deg,rgba(6,147,227,1) 0%,rgb(155,81,224) 100%)","background_repeat":"repeat","background_size":"auto","background_attachment":"scroll","patternColor":{"default":{"color":"#e5e7ea"}},"overlayColor":{"default":{"color":"CT_CSS_SKIP_RULE"}},"backgroundColor":{"default":{"color":"CT_CSS_SKIP_RULE"}}},"pageTitleBackground":{"background_type":"color","background_pattern":"type-1","background_image":{"attachment_id":null,"x":0,"y":0},"gradient":"linear-gradient(135deg,rgba(6,147,227,1) 0%,rgb(155,81,224) 100%)","background_repeat":"repeat","background_size":"auto","background_attachment":"scroll","patternColor":{"default":{"color":"#e5e7ea"}},"overlayColor":{"default":{"color":"CT_CSS_SKIP_RULE"}},"backgroundColor":{"default":{"color":"var(--theme-palette-color-6)"}}},"pageTitlePadding":{"top":"50px","bottom":"50px","left":"auto","right":"auto","linked":true},"deb3f736da757ee3c368f2e3307d3f1b":"","page_structure_type":"default","8df62c84fd9abcc61f2f6c1f84860274":"","content_style_source":"inherit","content_style":"wide","vertical_spacing_source":"inherit","content_area_spacing":"both","background":{"background_type":"color","background_pattern":"type-1","background_image":{"attachment_id":null,"x":0,"y":0},"gradient":"linear-gradient(135deg,rgba(6,147,227,1) 0%,rgb(155,81,224) 100%)","background_repeat":"repeat","background_size":"auto","background_attachment":"scroll","patternColor":{"default":{"color":"#e5e7ea"}},"overlayColor":{"default":{"color":"CT_CSS_SKIP_RULE"}},"backgroundColor":{"default":{"color":"CT_CSS_SKIP_RULE"}}},"content_background":{"background_type":"color","background_pattern":"type-1","background_image":{"attachment_id":null,"x":0,"y":0},"gradient":"linear-gradient(135deg,rgba(6,147,227,1) 0%,rgb(155,81,224) 100%)","background_repeat":"repeat","background_size":"auto","background_attachment":"scroll","patternColor":{"default":{"color":"#e5e7ea"}},"overlayColor":{"default":{"color":"CT_CSS_SKIP_RULE"}},"backgroundColor":{"default":{"color":"var(--theme-palette-color-8)"}}},"content_boxed_shadow":{"inherit":false,"blur":18,"spread":-6,"v_offset":12,"h_offset":0,"inset":false,"enable":true,"color":{"color":"rgba(34, 56, 101, 0.04)"}},"content_boxed_border":{"width":1,"style":"none","color":{"color":"rgba(44,62,80,0.2)"}},"content_boxed_radius":{"top":"3px","bottom":"3px","left":"3px","right":"3px","linked":true},"boxed_content_spacing":{"desktop":{"top":"40px","bottom":"40px","left":"40px","right":"40px","linked":true},"tablet":{"top":"35px","bottom":"35px","left":"35px","right":"35px","linked":true},"mobile":{"top":"20px","bottom":"20px","left":"20px","right":"20px","linked":true}},"60dd39be4a30572e7eb2cf7accc108cd":"","disable_featured_image":"no","disable_share_box":"no","disable_header":"no","disable_footer":"no","styles_descriptor":{"styles":{"desktop":"","tablet":"","mobile":""},"google_fonts":[],"version":6}},"_links":{"self":[{"href":"https:\/\/domaine-femme-allongee.fr\/index.php\/wp-json\/wp\/v2\/pages\/1671","targetHints":{"allow":["GET"]}}],"collection":[{"href":"https:\/\/domaine-femme-allongee.fr\/index.php\/wp-json\/wp\/v2\/pages"}],"about":[{"href":"https:\/\/domaine-femme-allongee.fr\/index.php\/wp-json\/wp\/v2\/types\/page"}],"author":[{"embeddable":true,"href":"https:\/\/domaine-femme-allongee.fr\/index.php\/wp-json\/wp\/v2\/users\/1"}],"replies":[{"embeddable":true,"href":"https:\/\/domaine-femme-allongee.fr\/index.php\/wp-json\/wp\/v2\/comments?post=1671"}],"version-history":[{"count":40,"href":"https:\/\/domaine-femme-allongee.fr\/index.php\/wp-json\/wp\/v2\/pages\/1671\/revisions"}],"predecessor-version":[{"id":1980,"href":"https:\/\/domaine-femme-allongee.fr\/index.php\/wp-json\/wp\/v2\/pages\/1671\/revisions\/1980"}],"wp:attachment":[{"href":"https:\/\/domaine-femme-allongee.fr\/index.php\/wp-json\/wp\/v2\/media?parent=1671"}],"curies":[{"name":"wp","href":"https:\/\/api.w.org\/{rel}","templated":true}]}}